. Let j be y(27). Calculate the greatest common divisor of 262 and j.
262
Let g(k) = k**3 + 5*k**2 - 6*k + 3. Let x be g(2). Calculate the greatest common divisor of 2432 and x.
19
Suppose 823 - 753 = 7*m. Calculate the highest common divisor of 2455 and m.
5
Let p be ((-96)/80)/(2 + (-203)/100). Suppose p*a = -14*a + 27648. Calculate the highest common factor of 64 and a.
64
Let i = 4894 + -4887. Calculate the greatest common factor of 959 and i.
7
Let a be ((-3)/(-9))/(2/(177 - 3)). Suppose a*v = 24*v + 1435. Calculate the highest common divisor of 41 and v.
41
Let w = -1796 + 3203. Let d be (-6 - -5)/6 - w/(-18). What is the greatest common factor of d and 130?
26
Let j be 140378/481 + 2/13 + 4. Let u = j - 210. Calculate the greatest common divisor of 172 and u.
86
Let v(m) = m**3 - 44*m**2 + 43*m + 5. Let a be v(43). Let w be ((-27)/(-36))/(-1 - a/(-4)). Calculate the highest common factor of w and 225.
3
Suppose 3*n + 39928 = 5*d, 294*d - 4*n = 296*d - 16018. Calculate the highest common factor of 131 and d.
131
Let m(g) be the third derivative of g**5/6 - 5*g**4/6 + 20*g**3 + 4*g**2 + 37. Let k be m(12). Calculate the highest common divisor of 120 and k.
120
Let s(u) be the second derivative of u**4/6 + 17*u**3/6 - 3*u**2/2 - 4*u. Let y be s(-4). Let a = 43 + y. Calculate the highest common divisor of a and 4.
4
Let g be 8 - ((-5)/(-5) - -3). Suppose 123 + 21 = g*x. Calculate the greatest common divisor of 162 and x.
18
Let g = 1718 + -1658. Calculate the highest common divisor of 555 and g.
15
Let u = 20554 + -20060. What is the greatest common factor of 3250 and u?
26
Let n be (-59 + 5 - -2) + -2. Let u be n*42/35*10/(-9). Calculate the highest common factor of u and 18.
18
Let u = -128 + 157. Suppose -98 + 272 = 3*n. Calculate the greatest common divisor of u and n.
29
Let k be -4 - -5 - (-18 - -1). Calculate the greatest common divisor of 18 and k.
18
Let l be (-13)/3 + 288029/483. What is the highest common factor of l and 1702?
74
Let q = 53514 - 53461. Let d(k) = -425*k**3 + 2*k + 1. Let f be d(-1). What is the greatest common divisor of f and q?
53
Let k be (-1)/(2/120*-2). Suppose 18 = 4*l - k. Suppose -4*q - 86 = -3*p - 236, 0 = -4*p - 8. What is the highest common divisor of q and l?
12
Suppose -659 + 587 = -4*z - 4*x, -5*z - 4*x + 96 = 0. Let q = 518 + -134. What is the highest common divisor of z and q?
24
Suppose 2*h - 4*c - 22 = -7*c, 3*h + c - 33 = 0. Let b = 21350 + -21347. What is the greatest common divisor of b and h?
1
Let o = 347 + -163. Let a be 8/(-28) + o/7. Let l = 505 + -492. What is the greatest common divisor of a and l?
13
Let l be (9 + (-84)/8)/((-2)/4). Suppose -9*z - 2*y + 30 = -7*z, 0 = y - l. Let k = -97 - -181. What is the greatest common divisor of z and k?
12
Suppose -49 = -43*f + 252. Let q(b) = -30*b - 77. Let d be q(-7). What is the greatest common factor of d and f?
7
Let s(k) = 151*k - 12532. Let t be s(83). Let v be -10*(1 - 3/2). What is the highest common factor of t and v?
1
Let z(t) = -38*t - 104. Let n be z(-3). Suppose -2*s + 54 = s. Suppose 4*j - 46 = -3*x, -4*j - s = -4*x + 6. Calculate the highest common factor of n and x.
10
Let o(h) = -8*h**2 + 230*h + 283. Let f be o(26). What is the highest common divisor of f and 5472?
171
Let c(n) = 10*n + 9. Let h be c(-1). Let k(o) = 59*o**2 - o. Let s be k(h). Let p = 48 + -18. Calculate the greatest common factor of s and p.
30
Let g(o) = 349*o + 64. Let w be g(0). Calculate the greatest common factor of 608 and w.
32
Let h = 46 - -17. Let m(w) be the first derivative of -w**3/3 + 15*w**2/2 + 23*w - 86. Let p be m(16). What is the greatest common factor of p and h?
7
Let p(q) = 4*q - 72 + 74 + 62. Let n be p(-14). Suppose 0 = y + 5*l - 7, -l - 170 = -5*y + l. Calculate the greatest common factor of n and y.
8
Suppose k + 367 = 5*h, 5*k = h - 6 - 77. Suppose 4*y + 5*z - h = 2*y, -z = 4*y - 173. Calculate the highest common factor of y and 55.
11
Let o(g) = g**2 + 26*g - 25. Let y be o(-27). Let j be ((-147)/14 - -8)*y*-1. What is the greatest common divisor of j and 245?
5
Suppose -15*o + 756 = -6*o. Suppose -104 = -2*b - 32. Calculate the greatest common factor of b and o.
12
Suppose 8*t - 140 = 4*t. Suppose 22 = v - 4*n, -9*n = 415*v - 413*v + 7. Calculate the greatest common factor of t and v.
5
Let y = 277 - 277. Suppose y = 15*x - x - 770. Let l(o) = 2*o**3 - 2*o**2 + 2*o - 1. Let u be l(2). Calculate the greatest common divisor of x and u.
11
Let x(o) = 1737*o - 123. Let h be x(3). What is the greatest common factor of h and 120?
24
Let z = -179 + 180. Let p be 5/(5/5) + z. Calculate the greatest common divisor of 9 and p.
3
Let p(m) = 23 - 6 + m**2 - 2*m - 13. Let z be p(-6). What is the greatest common factor of z and 78?
26
Let g(l) = 46*l + 400. Let m be g(-8). Calculate the highest common factor of m and 5128.
8
Let y = -44749 + 49331. Calculate the greatest common divisor of 6 and y.
2
Suppose -5*r = -h - 57, 8 = 5*r - 2*h - 51. What is the highest common divisor of r and 12?
1
Let o(s) = -132*s + 981. Let x be o(-82). What is the greatest common divisor of 15 and x?
15
Let q be 56/(-10)*(-4 + -1). Suppose -792*d + 193025 = -50911. Calculate the highest common divisor of q and d.
28
Suppose -2*i + 33 = 11. Suppose 2568 = 185*p + 533. What is the greatest common divisor of p and i?
11
Let u = 765 + -399. Suppose 4*t = 2*p - 0 + u, -4 = -4*p. What is the highest common divisor of t and 207?
23
Suppose 42*g + 76*g + 7*g = 6375. Calculate the greatest common divisor of 2499 and g.
51
Let r be (-14)/(-18)*(-144)/(-168) - (-37)/3. What is the greatest common divisor of 7111 and r?
13
Let o = 540 - -516. Suppose -4*s + 34 = -62. What is the highest common factor of o and s?
24
Suppose 0 = -108*a + 112*a - 25600. Calculate the greatest common divisor of a and 50.
50
Let n = 30 - 23. Suppose -12*l = -n*l - 20. Let g(x) = 3*x + 44. Let f be g(0). Calculate the greatest common divisor of f and l.
4
Let g be ((-2)/(-3) - 1)/(8/(-24)). Let i be (g - 5) + (10/(-5) - -557). What is the highest common divisor of 29 and i?
29
Let d = 99 - 48. Let r = 752 - 599. What is the highest common divisor of r and d?
51
Suppose -3*f + 28 = 4*m, -4*f - 5*m = f - 40. Suppose 0*x = f*x - 60. Suppose 0 = 2*a + 3*a - 30. What is the highest common factor of a and x?
3
Let n = -10 + 14. Suppose 0 = -13*d + 15*d - 4. Suppose d*k = l + 57, 4*l + 163 = 4*k + 47. Calculate the highest common factor of n and k.
4
Let f(j) = -j**3 - 63*j**2 - 125*j - 171. Let r be f(-61). What is the greatest common divisor of 2008 and r?
4
Let h(u) = 529*u**2 - 269*u + 1310. Let c be h(5). What is the greatest common factor of c and 10?
10
Let b = -40 + 52. Let s be 27/b*(-32)/(-6). What is the highest common factor of 4 and s?
4
Let l(g) be the second derivative of 11*g**3/6 - g**2/2 + 16*g. Let i be l(2). Let x = 638 + -407. Calculate the greatest common divisor of x and i.
21
Let y be (-12)/(-7)*49/14. Suppose -12 - 108 = -y*a. Suppose 0 = s - 5*w - a, -s + w + 4 = 4*w. Calculate the highest common divisor of 10 and s.
10
Suppose -5*b + 110 = -4*g, 12 = 2*b + g - 45. Suppose o + 155 = -4*o. Let r = o + 44. What is the greatest common factor of b and r?
13
Let w(p) = 7*p - 1. Let l be w(31). Let j = 262 - l. What is the highest common factor of 506 and j?
46
Let b be (2 + (-15)/(4 - 9))*1. Suppose -5*u = 25, b*r + 3*u + 110 - 455 = 0. Calculate the greatest common divisor of 8 and r.
8
Let j(k) = k**2 - 3*k**2 + k**3 + 3*k**2. Let s be j(-1). Suppose 0 = -3*o - 5*r + 47 + 12, s = -3*o + 2*r + 31. What is the highest common divisor of 65 and o?
13
Let m be (-1 - 1282/14)/(((-2886)/(-364))/(-37)). Calculate the greatest common factor of m and 1080.
216
Let a = -10002 + 10248. Calculate the highest common divisor of 7872 and a.
246
Suppose 2*v - 24 = -4*g, -380*g + 379*g + 36 = 3*v. What is the greatest common divisor of 544 and v?
4
Suppose 2*r = 6*r - 36. Suppose 12*j + 16*j - 140 = 0. Let m be (-84)/(-56)*(-1 + j/3). What is the greatest common factor of r and m?
1
Let c = -315 - -320. Suppose 3*m = -c*p + 43 + 34, -2*m = 2*p - 50. Let g be (4/(-5))/((-3)/60). Calculate the greatest common factor of m and g.
8
Let x be 1*(-8 + (8 - 6)). Let o be -7 + (29 - (x - -13)). Calculate